{"id":94,"date":"2020-11-15T01:35:14","date_gmt":"2020-11-15T01:35:14","guid":{"rendered":"http:\/\/aguascalientes.tecnm.mx\/cluster\/?page_id=94"},"modified":"2021-02-26T19:43:01","modified_gmt":"2021-02-26T19:43:01","slug":"telas-laprotex-s-de-rl-de-cv","status":"publish","type":"page","link":"https:\/\/aguascalientes.tecnm.mx\/clia\/?page_id=94","title":{"rendered":"Laprotex"},"content":{"rendered":"\n<p><strong>Responsable de Vinculaci\u00f3n<\/strong><\/p>\n\n\n\n<div class=\"wp-block-group\"><div class=\"wp-block-group__inner-container\">\n<div class=\"wp-block-image\"><figure class=\"alignright size-large\"><img loading=\"lazy\" width=\"184\" height=\"120\" src=\"http:\/\/aguascalientes.tecnm.mx\/clia\/wp-content\/uploads\/2020\/11\/unnamed.png\" alt=\"\" class=\"wp-image-37\"\/><\/figure><\/div>\n\n\n\n<ul><li><strong><strong>ING LUIS MIGUEL MARTINEZ<\/strong><\/strong><\/li><li>N\u00fam. Telef\u00f3nico<ul><li>Trabajo:&nbsp;<strong><strong>4499730494<\/strong><\/strong><\/li><\/ul><\/li><li>Email: <strong><strong>laprotex@laprotex.com<\/strong><\/strong><\/li><\/ul>\n<\/div><\/div>\n\n\n\n<p><strong>Programas<\/strong><\/p>\n\n\n\n<div class=\"wp-block-group\"><div class=\"wp-block-group__inner-container\">\n<ul><li><strong>Pr\u00e1cticas o residencias profesionales<\/strong><\/li><li><strong>No Cuenta con programas en la modalidad dual<\/strong><\/li><\/ul>\n\n\n\n<p><strong>Nivel Educativo<\/strong><\/p>\n\n\n\n<ul><li><strong>Licenciatura<\/strong><\/li><\/ul>\n<\/div><\/div>\n\n\n\n<div class=\"wp-block-group\"><div class=\"wp-block-group__inner-container\">\n<div class=\"wp-block-group\"><div class=\"wp-block-group__inner-container\">\n<p><strong>Carreras y especialidades <\/strong><\/p>\n\n\n\n<ul><li> Ingenier\u00eda Qu\u00edmica <\/li><li>Ingenier\u00eda Industrial<\/li><li>Ingenieria en Sistemas<\/li><\/ul>\n<\/div><\/div>\n\n\n\n<p>.<\/p>\n<\/div><\/div>\n\n\n\n<p><strong>El prop\u00f3sito <\/strong><\/p>\n\n\n\n<ul><li>Detectar talento<\/li><\/ul>\n\n\n\n<div class=\"wp-block-group\"><div class=\"wp-block-group__inner-container\">\n<p><strong>El Periodo de duraci\u00f3n <\/strong><\/p>\n\n\n\n<ul><li>6 Meses&nbsp;con 10 horas por semana.<\/li><\/ul>\n\n\n\n<p><\/p>\n<\/div><\/div>\n\n\n\n<div class=\"wp-block-group\"><div class=\"wp-block-group__inner-container\">\n<p><strong>Principales caracter\u00edsticas <\/strong><\/p>\n\n\n\n<ul><li>Ayudar al desarrollo de los estudiantes <\/li><li>Detectar talento<\/li><\/ul>\n\n\n\n<p><\/p>\n<\/div><\/div>\n\n\n\n<div class=\"wp-block-group\"><div class=\"wp-block-group__inner-container\">\n<p><strong><strong>Procedimiento<\/strong><\/strong><\/p>\n\n\n\n<ul><li>Se asignan semestralmente por departamento o \u00e1rea<\/li><\/ul>\n<\/div><\/div>\n\n\n\n<p><strong>Apoyos otorgados<\/strong><\/p>\n\n\n\n<ul><li>Transporte <\/li><li> Apoyo econ\u00f3mico<\/li><\/ul>\n\n\n\n<p><strong>Fines<\/strong><\/p>\n\n\n\n<ul><li>Continuidad <\/li><li>Empleabilidad<\/li><\/ul>\n\n\n\n<div class=\"wp-block-group\"><div class=\"wp-block-group__inner-container\">\n<p><strong>Estudiantes que realizaron su pr\u00e1ctica, residencia profesional o modelo dual durante el a\u00f1o 2020 <\/strong><\/p>\n\n\n\n<ul><li>10 ya que por la contingencia sanitaria se suspendieron.<\/li><\/ul>\n<\/div><\/div>\n\n\n\n<div class=\"wp-block-group\"><div class=\"wp-block-group__inner-container\">\n<p><strong>N\u00famero de vacantes 2021<\/strong><\/p>\n\n\n\n<ul><li>10 estudiantes <\/li><\/ul>\n<\/div><\/div>\n\n\n\n<p> <\/p>\n\n\n\n<div class=\"wp-block-group\"><div class=\"wp-block-group__inner-container\">\n<p><strong>Aportaciones y recomendaciones<\/strong><\/p>\n\n\n\n<ul><li>Que existiera una base de datos con los generales de cada candidato para ah\u00ed elegir sin necesidad de estar busc\u00e1ndolos individualmente en vinculaci\u00f3n.<\/li><\/ul>\n<\/div><\/div>\n","protected":false},"excerpt":{"rendered":"<p>Responsable de Vinculaci\u00f3n Programas El prop\u00f3sito Detectar talento Apoyos otorgados Transporte Apoyo econ\u00f3mico Fines Continuidad Empleabilidad<\/p>\n","protected":false},"author":2,"featured_media":0,"parent":0,"menu_order":0,"comment_status":"closed","ping_status":"closed","template":"","meta":[],"_links":{"self":[{"href":"https:\/\/aguascalientes.tecnm.mx\/clia\/index.php?rest_route=\/wp\/v2\/pages\/94"}],"collection":[{"href":"https:\/\/aguascalientes.tecnm.mx\/clia\/index.php?rest_route=\/wp\/v2\/pages"}],"about":[{"href":"https:\/\/aguascalientes.tecnm.mx\/clia\/index.php?rest_route=\/wp\/v2\/types\/page"}],"author":[{"embeddable":true,"href":"https:\/\/aguascalientes.tecnm.mx\/clia\/index.php?rest_route=\/wp\/v2\/users\/2"}],"replies":[{"embeddable":true,"href":"https:\/\/aguascalientes.tecnm.mx\/clia\/index.php?rest_route=%2Fwp%2Fv2%2Fcomments&post=94"}],"version-history":[{"count":16,"href":"https:\/\/aguascalientes.tecnm.mx\/clia\/index.php?rest_route=\/wp\/v2\/pages\/94\/revisions"}],"predecessor-version":[{"id":408,"href":"https:\/\/aguascalientes.tecnm.mx\/clia\/index.php?rest_route=\/wp\/v2\/pages\/94\/revisions\/408"}],"wp:attachment":[{"href":"https:\/\/aguascalientes.tecnm.mx\/clia\/index.php?rest_route=%2Fwp%2Fv2%2Fmedia&parent=94"}],"curies":[{"name":"wp","href":"https:\/\/api.w.org\/{rel}","templated":true}]}}