{"id":52,"date":"2020-11-14T20:05:01","date_gmt":"2020-11-14T20:05:01","guid":{"rendered":"http:\/\/aguascalientes.tecnm.mx\/cluster\/?page_id=52"},"modified":"2022-09-07T23:31:36","modified_gmt":"2022-09-07T23:31:36","slug":"nissan-mexicana-s-a-de-c-v","status":"publish","type":"page","link":"https:\/\/aguascalientes.tecnm.mx\/clia\/?page_id=52","title":{"rendered":"Nissan Mexicana"},"content":{"rendered":"\n<p><strong>Responsable de Vinculaci\u00f3n<\/strong><\/p>\n\n\n\n<div class=\"wp-block-group\"><div class=\"wp-block-group__inner-container\">\n<div class=\"wp-block-group\"><div class=\"wp-block-group__inner-container\">\n<div class=\"wp-block-image\"><figure class=\"alignright size-large\"><img loading=\"lazy\" width=\"274\" height=\"236\" src=\"http:\/\/aguascalientes.tecnm.mx\/clia\/wp-content\/uploads\/2021\/01\/NISSAN.png\" alt=\"\" class=\"wp-image-390\"\/><\/figure><\/div>\n\n\n\n<ul id=\"block-0e036ce0-6b80-40a3-8a5d-32e39e53330b\"><li>\u00a0<strong>Diana Flores Almaguer<\/strong><\/li><li>Email: <strong>diana.floresalmaguer@nissan.com.mx<\/strong><\/li><li>LINK NISSAN SCHOOL: <strong><a href=\"https:\/\/es.surveymonkey.com\/r\/agostodicNS\"><\/a><a rel=\"noreferrer noopener\" href=\"https:\/\/es.surveymonkey.com\/r\/agostodicNS\" target=\"_blank\"><strong><span class=\"has-inline-color has-vivid-cyan-blue-color\">https:\/\/es.surveymonkey.com\/r\/agostodicNS<\/span><\/strong><\/a><\/strong><\/li><\/ul>\n\n\n\n<p><\/p>\n\n\n\n<p><\/p>\n\n\n\n<figure><iframe src=\"https:\/\/drive.google.com\/file\/d\/1IokJimuA0wTcxJ2xs8bxl3BxsUyYtN-1\/preview\" width=\"840\" height=\"480\"><\/iframe><\/figure>\n\n\n\n<p><strong>Programas<\/strong><\/p>\n<\/div><\/div>\n\n\n\n<ul><li><strong>Pr\u00e1cticas o residencias profesionales<\/strong><\/li><li><strong>Modalidad dual<\/strong><\/li><\/ul>\n\n\n\n<p><strong>Nivel Educativo<\/strong><\/p>\n\n\n\n<ul><li><strong>T\u00e9cnico<\/strong><\/li><li><strong>TSU<\/strong><\/li><li><strong>Licenciatura<\/strong><\/li><\/ul>\n\n\n\n<p><\/p>\n\n\n\n<p><\/p>\n<\/div><\/div>\n\n\n\n<div class=\"wp-block-group\"><div class=\"wp-block-group__inner-container\">\n<div class=\"wp-block-group\"><div class=\"wp-block-group__inner-container\">\n<p><strong>Carreras y especialidades <\/strong> <\/p>\n\n\n\n<ul><li>TSU Producci\u00f3n<\/li><li>TSU Mantenimiento <\/li><li>TSU Calidad (Universidad Nissan)<\/li><li>Ing. Industrial<\/li><li>Ing. Mecatr\u00f3nica<\/li><li>Ing. Sistemas<\/li><li>Ing. Energ\u00edas<\/li><li>Ing. Desarrollo e Innovaci\u00f3n<\/li><li>Ing. Gesti\u00f3n Empresarial<\/li><li>Lic. Comunicaci\u00f3n<\/li><li>Lic. Relaciones Industriales<\/li><li>Ing. Electr\u00f3nica<\/li><li>Ing. Rob\u00f3tica<\/li><\/ul>\n\n\n\n<p><\/p>\n<\/div><\/div>\n\n\n\n<p><\/p>\n<\/div><\/div>\n\n\n\n<div class=\"wp-block-group\"><div class=\"wp-block-group__inner-container\">\n<p><strong>Prop\u00f3sito<\/strong><\/p>\n\n\n\n<ul><li>Proporcionar el espacio a los j\u00f3venes que est\u00e1n por egresar de sus carreras, para llevar a cabo pr\u00e1cticas basadas en proyectos reales que les aporten conocimiento y experiencia y que la empresa, haga mejoras a trav\u00e9s de dichos proyectos, tenga posibilidad de atraer nuevo talento para cubrir posibles vacantes. As\u00ed como ser parte de estas iniciativas como parte de la Responsabilidad Social.<\/li><\/ul>\n<\/div><\/div>\n\n\n\n<div class=\"wp-block-group\"><div class=\"wp-block-group__inner-container\">\n<p><strong>Periodo de duraci\u00f3n<\/strong><\/p>\n\n\n\n<ul><li>4.5 Meses&nbsp;con 8 horas diarias de lunes a viernes.<\/li><\/ul>\n<\/div><\/div>\n\n\n\n<div class=\"wp-block-group\"><div class=\"wp-block-group__inner-container\">\n<p>P<strong>rincipales caracter\u00edsticas<\/strong><\/p>\n\n\n\n<ul><li>Brindar a los estudiantes un ambiente de aprendizaje en situaciones reales con problemas reales.<\/li><li>Participar en proyectos de Mejora.<\/li><li>Cumplir con ciertos temas de Capacitaci\u00f3n.<\/li><li>Presentar los resultados de sus proyectos en idioma Ingles a los Directores de la Empresa.<\/li><\/ul>\n\n\n\n<p><\/p>\n<\/div><\/div>\n\n\n\n<p><strong>Procedimiento<\/strong><\/p>\n\n\n\n<ul><li>Existen periodos internos para que las \u00e1reas de la empresa soliciten la participaci\u00f3n de un Practicante, exponiendo su proyecto y demostrando que tienen el Budget para poder pagar la ayuda econ\u00f3mica.<\/li><li>Posteriormente se emiten convocatorias abiertas para las diferentes universidades con perfiles determinados.<\/li><li>Los estudiantes acuden al proceso de selecci\u00f3n y los que son seleccionado se enrolan a la Asociaci\u00f3n Civil NEMI quienes administran su estancia y son enlace con las Universidades y los estudiantes.<\/li><li>En el caso de la Universidad Nissan se realiza una selecci\u00f3n de acuerdo a su desempe\u00f1o en el trabajo.<\/li><\/ul>\n\n\n\n<div class=\"wp-block-group\"><div class=\"wp-block-group__inner-container\">\n<p><strong>Apoyos otorgados<\/strong><\/p>\n\n\n\n<ul><li>Econ\u00f3mico <\/li><li>Comedor <\/li><li>Transporte<\/li><\/ul>\n<\/div><\/div>\n\n\n\n<p><\/p>\n\n\n\n<div class=\"wp-block-group\"><div class=\"wp-block-group__inner-container\">\n<p><strong>Fines<\/strong><\/p>\n\n\n\n<ul><li>Continuidad<\/li><li>Empleabilidad<\/li><\/ul>\n<\/div><\/div>\n\n\n\n<p><strong>Antecedentes<\/strong><\/p>\n\n\n\n<p><strong>Estudiantes que realizaron su pr\u00e1ctica, residencia profesional o modelo dual durante el a\u00f1o 2020<\/strong><\/p>\n\n\n\n<ul><li>157 alumnos regulares <\/li><li>118 Esquema Dual<\/li><\/ul>\n\n\n\n<div class=\"wp-block-group\"><div class=\"wp-block-group__inner-container\"><\/div><\/div>\n\n\n\n<p><strong>N\u00famero de vacantes 2021<\/strong><\/p>\n\n\n\n<ul><li><strong>157 <\/strong><\/li><\/ul>\n\n\n\n<p><\/p>\n\n\n\n<p><strong>Aportaciones y recomendaciones <\/strong><\/p>\n\n\n\n<ul><li>Con gusto podemos compartir nuestra experiencia cuando sea necesario.<\/li><li>Pero alguna recomendaci\u00f3n espec\u00edfica es fomentar el desarrollo humano en los estudiantes y reafirmar valores como la responsabilidad y el c\u00f3digo de tica y conducta. As\u00ed como fomentar la innovaci\u00f3n y la iniciativa.<\/li><li>Lo principal es que puedan complementar su formaci\u00f3n escolar en condiciones reales, que les permitan entender la cultura laboral y los problemas diarios que enfrentan las industrias, para que cuando ingresen al mundo laboral les sea m\u00e1s f\u00e1cil y r\u00e1pida la adaptaci\u00f3n al mismo.<\/li><\/ul>\n\n\n\n<p><\/p>\n","protected":false},"excerpt":{"rendered":"<p>Responsable de Vinculaci\u00f3n Procedimiento Existen periodos internos para que las \u00e1reas de la empresa soliciten la participaci\u00f3n de un Practicante, exponiendo su proyecto y demostrando que tienen el Budget para poder pagar la ayuda econ\u00f3mica. Posteriormente se emiten convocatorias abiertas para las diferentes universidades con perfiles determinados. Los estudiantes acuden al proceso de selecci\u00f3n y &hellip; <\/p>\n","protected":false},"author":1,"featured_media":0,"parent":0,"menu_order":0,"comment_status":"closed","ping_status":"closed","template":"","meta":[],"_links":{"self":[{"href":"https:\/\/aguascalientes.tecnm.mx\/clia\/index.php?rest_route=\/wp\/v2\/pages\/52"}],"collection":[{"href":"https:\/\/aguascalientes.tecnm.mx\/clia\/index.php?rest_route=\/wp\/v2\/pages"}],"about":[{"href":"https:\/\/aguascalientes.tecnm.mx\/clia\/index.php?rest_route=\/wp\/v2\/types\/page"}],"author":[{"embeddable":true,"href":"https:\/\/aguascalientes.tecnm.mx\/clia\/index.php?rest_route=\/wp\/v2\/users\/1"}],"replies":[{"embeddable":true,"href":"https:\/\/aguascalientes.tecnm.mx\/clia\/index.php?rest_route=%2Fwp%2Fv2%2Fcomments&post=52"}],"version-history":[{"count":86,"href":"https:\/\/aguascalientes.tecnm.mx\/clia\/index.php?rest_route=\/wp\/v2\/pages\/52\/revisions"}],"predecessor-version":[{"id":592,"href":"https:\/\/aguascalientes.tecnm.mx\/clia\/index.php?rest_route=\/wp\/v2\/pages\/52\/revisions\/592"}],"wp:attachment":[{"href":"https:\/\/aguascalientes.tecnm.mx\/clia\/index.php?rest_route=%2Fwp%2Fv2%2Fmedia&parent=52"}],"curies":[{"name":"wp","href":"https:\/\/api.w.org\/{rel}","templated":true}]}}