{"id":463,"date":"2021-04-09T15:38:44","date_gmt":"2021-04-09T15:38:44","guid":{"rendered":"http:\/\/aguascalientes.tecnm.mx\/clia\/?page_id=463"},"modified":"2021-04-09T15:38:45","modified_gmt":"2021-04-09T15:38:45","slug":"servicios-frex-sa-de-cv","status":"publish","type":"page","link":"https:\/\/aguascalientes.tecnm.mx\/clia\/?page_id=463","title":{"rendered":"SERVICIOS FREX SA DE CV"},"content":{"rendered":"\n<p><strong>Responsable de Vinculaci\u00f3n<\/strong><\/p>\n\n\n\n<div class=\"wp-block-group\"><div class=\"wp-block-group__inner-container\">\n<div class=\"wp-block-image is-style-default\"><figure class=\"alignright size-large\"><img loading=\"lazy\" width=\"255\" height=\"125\" src=\"http:\/\/aguascalientes.tecnm.mx\/clia\/wp-content\/uploads\/2021\/01\/frio-express-logo.png\" alt=\"\" class=\"wp-image-394\"\/><\/figure><\/div>\n\n\n\n<ul><li><strong><strong><strong>BRENDA ARACELI LIRA RODRIGUEZ<\/strong><\/strong><\/strong><\/li><li>N\u00fam. Telef\u00f3nico<ul><li>Cel.:\u00a0<strong><strong><strong>449-469-86-92<\/strong><\/strong><\/strong><\/li><li>Trabajo<strong>: 449922-13-00<\/strong><\/li><\/ul><\/li><li>Email: <strong>blira@frioexpress.com<\/strong><\/li><\/ul>\n\n\n\n<p><\/p>\n\n\n\n<p><\/p>\n<\/div><\/div>\n\n\n\n<ul><li><strong>Programa de pr\u00e1cticas o residencias profesionales<\/strong><\/li><li><strong>No cuenta con programas en la modalidad dual<\/strong><\/li><\/ul>\n\n\n\n<p><strong>Nivel educativo <\/strong><\/p>\n\n\n\n<ul><li><strong>TSU<\/strong><\/li><li><strong>Nivel Licenciatura<\/strong><\/li><\/ul>\n\n\n\n<p><\/p>\n\n\n\n<p><strong>Carreras y especialidades<\/strong><\/p>\n\n\n\n<ul><li>ING. INDUSTRIAL, ING. GESTION EMPRESARIAL, LIC. CONTADOR PUBLICO<\/li><\/ul>\n\n\n\n<p><\/p>\n\n\n\n<p><strong>Prop\u00f3sito <\/strong><\/p>\n\n\n\n<ul><li>APORTAR INNOVACI\u00d3N EN LAS DIFERENTES AREAS DE LA EMPRESA Y QUE EL ESTUDIANTE OBTENGA EXPERIENCIA ANTES DE EGRESAR.<\/li><\/ul>\n\n\n\n<p><\/p>\n\n\n\n<div class=\"wp-block-group\"><div class=\"wp-block-group__inner-container\">\n<p><strong>Periodo de duraci\u00f3n<\/strong><\/p>\n\n\n\n<ul><li>VARIANTE SEG\u00daN LA INSTITUCION DE PROCEDENCIA<\/li><\/ul>\n<\/div><\/div>\n\n\n\n<p><strong>Principal caracter\u00edstica <\/strong><\/p>\n\n\n\n<ul><li>QUE LA EMPRESA PROPORCIONE CAPACITACION PARA QUE EL ESTUDIANTE TENGA UNA PRONTA ADAPTACI\u00d3N.<\/li><li>QUE EL ESTUDIANTE REALICE ACTIVIDADES AF\u00cdN A SU CARRERA.<\/li><\/ul>\n\n\n\n<p><strong>Apoyos otorgados<\/strong><\/p>\n\n\n\n<ul><li>Apoyo econ\u00f3mico<\/li><\/ul>\n\n\n\n<p><strong>Fines<\/strong><\/p>\n\n\n\n<ul><li>Continuidad. (SIEMPRE QUE EXISTA LA VACANTE Y PROYECTO DISPONIBLE)<\/li><\/ul>\n","protected":false},"excerpt":{"rendered":"<p>Responsable de Vinculaci\u00f3n Programa de pr\u00e1cticas o residencias profesionales No cuenta con programas en la modalidad dual Nivel educativo TSU Nivel Licenciatura Carreras y especialidades ING. INDUSTRIAL, ING. GESTION EMPRESARIAL, LIC. CONTADOR PUBLICO Prop\u00f3sito APORTAR INNOVACI\u00d3N EN LAS DIFERENTES AREAS DE LA EMPRESA Y QUE EL ESTUDIANTE OBTENGA EXPERIENCIA ANTES DE EGRESAR. Principal caracter\u00edstica QUE &hellip; <\/p>\n","protected":false},"author":1,"featured_media":0,"parent":0,"menu_order":0,"comment_status":"closed","ping_status":"closed","template":"","meta":[],"_links":{"self":[{"href":"https:\/\/aguascalientes.tecnm.mx\/clia\/index.php?rest_route=\/wp\/v2\/pages\/463"}],"collection":[{"href":"https:\/\/aguascalientes.tecnm.mx\/clia\/index.php?rest_route=\/wp\/v2\/pages"}],"about":[{"href":"https:\/\/aguascalientes.tecnm.mx\/clia\/index.php?rest_route=\/wp\/v2\/types\/page"}],"author":[{"embeddable":true,"href":"https:\/\/aguascalientes.tecnm.mx\/clia\/index.php?rest_route=\/wp\/v2\/users\/1"}],"replies":[{"embeddable":true,"href":"https:\/\/aguascalientes.tecnm.mx\/clia\/index.php?rest_route=%2Fwp%2Fv2%2Fcomments&post=463"}],"version-history":[{"count":1,"href":"https:\/\/aguascalientes.tecnm.mx\/clia\/index.php?rest_route=\/wp\/v2\/pages\/463\/revisions"}],"predecessor-version":[{"id":464,"href":"https:\/\/aguascalientes.tecnm.mx\/clia\/index.php?rest_route=\/wp\/v2\/pages\/463\/revisions\/464"}],"wp:attachment":[{"href":"https:\/\/aguascalientes.tecnm.mx\/clia\/index.php?rest_route=%2Fwp%2Fv2%2Fmedia&parent=463"}],"curies":[{"name":"wp","href":"https:\/\/api.w.org\/{rel}","templated":true}]}}